t common factor of 43 and k.
43
Let i(f) = f**2 - f - 7. Let m = 9 - 6. Suppose -3*z = 4*k - k - 3, 2*z - m*k = 22. Let q be i(z). Calculate the highest common factor of q and 117.
13
Suppose -3*s + 4458 = 3*s. Suppose -4*o = 39 - s. Calculate the greatest common divisor of o and 16.
16
Let r(v) = -4*v + 1. Let j be r(-1). Suppose 24 = 4*t + 2*h, -4*h - 17 = -2*t - 3*t. What is the greatest common factor of j and t?
5
Suppose -4*h + 60 = h. Let g = -4 - -2. Let t(i) = 3*i**2 - i - 2. Let l be t(g). What is the highest common divisor of l and h?
12
Let h = -11 + 19. Let b = 28 + -16. Suppose 12 = 2*m - b. What is the highest common divisor of m and h?
4
Suppose f + 2*m - 58 = 0, -5*f + 2*m + 130 = -112. What is the highest common factor of 10 and f?
10
Let z = -36 - -55. Suppose 8 = 3*f - z. Suppose 12 = y + 3. What is the greatest common factor of f and y?
9
Suppose 5*u - u = 68. Suppose -158 = -3*s + 5*h, 0 = 4*s - h - 134 - 71. Calculate the greatest common divisor of s and u.
17
Let p be 21*(-88)/(-77)*(-6)/(-4). What is the highest common factor of p and 48?
12
Suppose 8*b - 915 = 229. Let k = 29 - 16. Calculate the greatest common divisor of k and b.
13
Suppose -3*i - 83 + 248 = 0. What is the highest common factor of i and 11?
11
Suppose n + 23 = -2*j - 3*j, 18 = 4*n - 2*j. Suppose -3*r - 3*d + 16 = 4, 0 = -3*r + n*d - 3. What is the greatest common divisor of 3 and r?
1
Let g(y) = -6*y - 2. Let o be g(-3). Calculate the highest common factor of 24 and o.
8
Let t(i) be the second derivative of -i**3/3 + 7*i**2/2 + 2*i. Let k be t(-9). What is the highest common factor of 5 and k?
5
Let n = -24 - -54. Calculate the greatest common divisor of 6 and n.
6
Suppose -3*b - y = 2*y - 21, 5*b + 4*y - 30 = 0. Suppose 6 = b*x - 16. Let m be 22*(-2)/((-8)/6). What is the highest common divisor of x and m?
11
Suppose -s - 15 = -4*s. Suppose -s*h + 186 = -144. Suppose -5*a + h = -44. Calculate the highest common factor of a and 22.
22
Suppose 3*h + 2*b + 28 = 6*h, 10 = -2*b. Calculate the greatest common factor of 54 and h.
6
Let v be ((-36)/(-14))/((-27)/(-126)). What is the highest common divisor of v and 36?
12
Let t be (-3 - -2)*(-4 + 3). Suppose -o = -4*w - 11 + 27, 4*o + t = -5*w. Let n be 30/(3/((-6)/o)). What is the highest common factor of 10 and n?
5
Suppose 30 = -6*u + 288. What is the greatest common divisor of 86 and u?
43
Suppose 5*x = 147 + 3. Calculate the highest common factor of 6 and x.
6
Let d(n) = 3*n. Let q be d(2). Calculate the highest common factor of 6 and q.
6
Let c be 11 - (2 - 5 - -2). Suppose 3*m - c + 0 = 0. Suppose 0 = -5*y + 3*i + 43, 4*y - 3 = -4*i + 25. Calculate the greatest common factor of m and y.
4
Let l = -7 + 34. Calculate the highest common factor of l and 9.
9
Let i be 129/(4 + -1) + -1. Let b(c) = c**3 - c + 28. Let p be b(0). Let z = i - p. Calculate the highest common factor of 28 and z.
14
Let w(m) = m + 8. Let r be w(-6). Let l(t) = -t**3 - 4*t**2 - 2*t - 6. Let j be l(-4). Let p be -2 + r + j + 7. What is the highest common factor of p and 81?
9
Let n = 4 - -41. Calculate the greatest common factor of 15 and n.
15
Suppose 4*l - 273 + 18 = -d, -2*l = -2*d - 140. Let c = l - 39. Calculate the highest common divisor of 208 and c.
26
Let y(a) = a**2 + 7*a. Let c be y(5). Suppose -p = p - c. Calculate the greatest common factor of 45 and p.
15
Let o = -4 - -6. Suppose -o*k = -k - 1. Suppose -4*r + 7 = -w - 10, 19 = 3*w + 2*r. What is the greatest common factor of w and k?
1
Let z(x) = 2*x**2 - 3*x. Let p be z(6). What is the greatest common divisor of p and 6?
6
Let o(s) be the first derivative of -3*s**2/2 + 2*s - 2. Suppose 2*z = -6 - 6. Let l be o(z). Calculate the greatest common factor of l and 4.
4
Suppose -2 = -4*g - 10. Let k be -1*(-5)/(-2)*g. What is the highest common factor of 5 and k?
5
Let f = 160 + 70. Suppose -5*q = -x + f, 1196 = 4*x + x - 2*q. Suppose -3*g + 3*h + h + 360 = 0, 3*h = 2*g - x. What is the highest common divisor of 15 and g?
15
Let k be (-14)/77 - (-950)/22. Suppose 2*a - k = 37. What is the greatest common divisor of 10 and a?
10
Let p be (-2)/(-4)*4 + 31. Suppose 0 = -5*n + 47 + p. Let b be ((-2)/(-4))/(4/8) - -31. What is the greatest common factor of b and n?
16
Suppose -2*k = -7*k - 5*t + 725, 0 = 4*k - 5*t - 598. What is the highest common divisor of k and 49?
49
Let m be (45/1)/(3/9). Suppose 2*g + s - 28 = 0, -4*g = -4*s + 9*s - 50. What is the highest common factor of g and m?
15
Let s be (-4)/12 + (-26)/(-6). What is the greatest common divisor of s and 6?
2
Let o(h) = h**3 - h + 18. Let f be o(0). Suppose -148*p + 154*p - 540 = 0. Calculate the greatest common factor of f and p.
18
Suppose n + 0 = -2*f + 23, 4*n - 37 = 3*f. What is the highest common factor of n and 117?
13
Let d be (75/18)/5*6. Suppose -3*q + 4*q - 3 = -5*f, 4*f = 4*q + 12. Let g be 46 - -1 - 2/f. What is the highest common factor of g and d?
5
Let d = 14 + 19. Calculate the greatest common factor of d and 22.
11
Suppose -f = -4 - 41. What is the greatest common divisor of f and 18?
9
Suppose 3*u = -2 + 5. Let v be 20/(3 - u)*2. Calculate the highest common factor of 180 and v.
20
Suppose 22 + 2 = 3*l. Let g = -6 + l. Suppose -g*x + 21 = -3. Calculate the greatest common divisor of x and 132.
12
Let p(m) = m**3 + m**2 - m + 176. Let l be p(0). Suppose -4*w + 3*w = -22. Calculate the greatest common factor of w and l.
22
Let n be (-20)/(-8) + 1/2. Let z = 7 - -2. Calculate the greatest common divisor of z and n.
3
Let p be ((-15)/6*-10)/1. Suppose 2*k + 495 = -k. Let y = 365 + k. Calculate the greatest common divisor of y and p.
25
Let o = 36 - 15. Calculate the greatest common divisor of 7 and o.
7
Let v = 25 - 15. Let a be 7 - 3/(-2)*2. What is the greatest common divisor of v and a?
10
Let k = -9 - -14. Calculate the highest common divisor of k and 25.
5
Let a = -4925 - -14421. Let v be 1/6 - a/(-48). What is the highest common divisor of v and 18?
18
Let g be ((-17982)/45)/(-9) + (-4)/10. Calculate the highest common divisor of g and 22.
22
Suppose 2*p + 3*p = -4*y - 26, -5*y - 26 = 3*p. Let k be (p - 339/6)*-2. Calculate the greatest common divisor of 13 and k.
13
Let s(h) = 6*h + 38. Let i be s(-6). What is the highest common factor of i and 18?
2
Suppose 3*m + 3*y = -m + 20, 3*y + 4 = -m. Let u(t) be the second derivative of -2*t**3 - 4*t. Let v be u(-1). What is the highest common factor of v and m?
4
Let o = -9 - -84. Let s = o + -19. Calculate the highest common factor of s and 8.
8
Suppose 4*d = -3*z - 49, -47 = z + 2*z + 2*d. Let g be 3/((z/2)/5). Let f be 47/2 + (-1)/g. What is the greatest common divisor of f and 8?
8
Let d(i) = 29*i**2 - i. Let t = -7 - -8. Let o be -2 + 2 + t + 0. Let v be d(o). What is the highest common divisor of 7 and v?
7
Let n = 45 + -12. What is the greatest common divisor of n and 11?
11
Let t = 11 + 3. Let v be (-2)/7 - (-64)/28. Suppose v*x - 4*l - 50 = 0, -l - 80 = -4*x - 3*l. What is the greatest common factor of x and t?
7
Let g be 0 - (-2)/(-4)*-2. Let x be (-10)/(g*2/(-4)). What is the highest common factor of x and 4?
4
Suppose t - s + 6 = -4*s, t = s + 10. Let u be (4 - 2)/(t/627). What is the greatest common divisor of 19 and u?
19
Suppose 0 = 4*q + 3*r + 1, 5*q + 4*r + 0*r = -1. Let k = q - -26. What is the highest common factor of k and 10?
5
Let g(o) = o**2 + 6*o - 5. Let k be g(-8). Let z(l) = -3*l**3 + 2*l + 2. Let p be z(-3). What is the greatest common factor of p and k?
11
Suppose 0 = -4*o + 74 - 14. Suppose 0 = v + v - 120. What is the highest common divisor of v and o?
15
Let l be 24/(-1 - 45/(-35)). Calculate the highest common divisor of l and 12.
12
Let a = 9 + 4. Suppose 13 = -c + 2*c. What is the highest common divisor of c and a?
13
Suppose 0 = -76*o + 82*o - 90. What is the greatest common factor of 15 and o?
15
Let k be -3 + (-6)/(6/(-5)). Suppose k = -2*d + 50. Calculate the highest common divisor of d and 168.
24
Suppose -3*u + 251 = -2*w + 4*w, 0 = 5*u + 25. What is the highest common divisor of 19 and w?
19
Let l = -169 + 172. What is the greatest common factor of l and 5?
1
Suppose -322 = -3*g - 4*y + 90, 2*y - 710 = -5*g. Suppose -3*t - g = -468. Calculate the greatest common divisor of 12 and t.
12
Suppose -3*y + 2*y -